{"id":69,"date":"2025-02-03T11:05:35","date_gmt":"2025-02-03T10:05:35","guid":{"rendered":"https:\/\/www.lexd7920.odns.fr\/test-elementor\/?page_id=69"},"modified":"2025-02-19T16:29:20","modified_gmt":"2025-02-19T15:29:20","slug":"conditions-generales-ventes","status":"publish","type":"page","link":"https:\/\/www.pixel-as.fr\/?page_id=69","title":{"rendered":"Conditions g\u00e9n\u00e9rales de ventes"},"content":{"rendered":"\t\t<div data-elementor-type=\"wp-page\" data-elementor-id=\"69\" class=\"elementor elementor-69\" data-elementor-post-type=\"page\">\n\t\t\t\t<div class=\"elementor-element elementor-element-1f393a1 e-flex e-con-boxed e-con e-parent\" data-id=\"1f393a1\" data-element_type=\"container\" data-e-type=\"container\" data-settings=\"{&quot;background_background&quot;:&quot;classic&quot;}\">\n\t\t\t\t\t<div class=\"e-con-inner\">\n\t\t<div class=\"elementor-element elementor-element-afc01bc e-con-full e-flex e-con e-child\" data-id=\"afc01bc\" data-element_type=\"container\" data-e-type=\"container\">\n\t\t\t\t<div class=\"elementor-element elementor-element-681babd elementor-widget elementor-widget-heading\" data-id=\"681babd\" data-element_type=\"widget\" data-e-type=\"widget\" data-widget_type=\"heading.default\">\n\t\t\t\t<div class=\"elementor-widget-container\">\n\t\t\t\t\t<h2 class=\"elementor-heading-title elementor-size-default\">Conditions g\u00e9n\u00e9rales de ventes<\/h2>\t\t\t\t<\/div>\n\t\t\t\t<\/div>\n\t\t\t\t<\/div>\n\t\t<div class=\"elementor-element elementor-element-847d11f e-con-full e-flex e-con e-child\" data-id=\"847d11f\" data-element_type=\"container\" data-e-type=\"container\">\n\t\t\t\t<div class=\"elementor-element elementor-element-b72bf41 elementor-widget elementor-widget-image\" data-id=\"b72bf41\" data-element_type=\"widget\" data-e-type=\"widget\" data-widget_type=\"image.default\">\n\t\t\t\t<div class=\"elementor-widget-container\">\n\t\t\t\t\t\t\t\t\t\t\t\t\t\t\t<img fetchpriority=\"high\" decoding=\"async\" width=\"740\" height=\"710\" src=\"https:\/\/www.pixel-as.fr\/wp-content\/uploads\/2025\/02\/logo-rond.jpg\" class=\"attachment-large size-large wp-image-149\" alt=\"Conditions g\u00e9n\u00e9rales de ventes Politique de confidentialit\u00e9\" srcset=\"https:\/\/www.pixel-as.fr\/wp-content\/uploads\/2025\/02\/logo-rond.jpg 740w, https:\/\/www.pixel-as.fr\/wp-content\/uploads\/2025\/02\/logo-rond-600x576.jpg 600w, https:\/\/www.pixel-as.fr\/wp-content\/uploads\/2025\/02\/logo-rond-300x288.jpg 300w\" sizes=\"(max-width: 740px) 100vw, 740px\" \/>\t\t\t\t\t\t\t\t\t\t\t\t\t\t\t<\/div>\n\t\t\t\t<\/div>\n\t\t\t\t<\/div>\n\t\t\t\t\t<\/div>\n\t\t\t\t<\/div>\n\t\t<div class=\"elementor-element elementor-element-60eb483 e-flex e-con-boxed e-con e-parent\" data-id=\"60eb483\" data-element_type=\"container\" data-e-type=\"container\" data-settings=\"{&quot;background_background&quot;:&quot;classic&quot;}\">\n\t\t\t\t\t<div class=\"e-con-inner\">\n\t\t\t\t<div class=\"elementor-element elementor-element-d5a5397 elementor-widget elementor-widget-text-editor\" data-id=\"d5a5397\" data-element_type=\"widget\" data-e-type=\"widget\" data-widget_type=\"text-editor.default\">\n\t\t\t\t<div class=\"elementor-widget-container\">\n\t\t\t\t\t\t\t\t\t<div class=\"elementor-element elementor-element-b82fd19 e-flex e-con-boxed e-con e-parent e-lazyloaded\" data-id=\"b82fd19\" data-element_type=\"container\"><div class=\"e-con-inner\"><div class=\"elementor-element elementor-element-ab3cb28 e-con-full e-flex e-con e-child\" data-id=\"ab3cb28\" data-element_type=\"container\"><div class=\"elementor-element elementor-element-9c8d7cc elementor-widget elementor-widget-text-editor\" data-id=\"9c8d7cc\" data-element_type=\"widget\" data-widget_type=\"text-editor.default\"><div class=\"elementor-widget-container\"><section class=\"section mcb-section the_content has_content\"><div class=\"section_wrapper\"><div class=\"the_content_wrapper \"><p>Premi\u00e8rement, les pr\u00e9sentes Conditions G\u00e9n\u00e9rales de Ventes s\u2019appliquent aussi bien aux particuliers qu\u2019aux professionnels. Elles sont valables pour toutes les prestations de la soci\u00e9t\u00e9 SAS PIXEL AS num\u00e9ro Siret: 751 459 694, si\u00e8ge social situ\u00e9 \u00e0 Montm\u00e9lian en Savoie.<\/p><h5><strong>Contenu de l\u2019offre de services :<\/strong><\/h5><p>La soci\u00e9t\u00e9 propose des services de d\u00e9pannage informatique, de maintenance et de divers services en informatique, \u00e0 domicile ou en atelier, destin\u00e9s aux particuliers et professionnels.<\/p><h5><strong>Tarifs :<\/strong><\/h5><p>Les tarifs et contenus des prestations sont donn\u00e9es \u00e0 titre indicatif et sont susceptibles d\u2019\u00e9voluer.<br \/>N\u00e9anmoins, les tarifs en vigueur sont disponibles sur simple demande lors de la prise de contact du client par t\u00e9l\u00e9phone. De plus, un formulaire de contact sur internet, ou avant de commencer le travail en atelier.<br \/>Enfin, si l\u2019achat d\u2019une ou plusieurs pi\u00e8ces informatique est n\u00e9cessaire pour r\u00e9parer l\u2019ordinateur du client, un acompte pourra \u00eatre demand\u00e9 sur la totalit\u00e9 ou partie du co\u00fbt de la pi\u00e8ce.<\/p><p>Apr\u00e8s chaque prestation une facture sera d\u00e9livr\u00e9e au client. R\u00e9capitulant :<br \/>\u2013 le contenu de la prestation\u00a0ainsi que son prix,<br \/>\u2013 le co\u00fbt des frais de d\u00e9placements (s\u2019il y a)<br \/>\u2013 les \u00e9ventuelles fournitures mat\u00e9rielles utilis\u00e9es pour la r\u00e9paration ou la mise \u00e0 jour de l\u2019ordinateur du client.<\/p><h5><strong>Conditions de r\u00e8glement :<\/strong><\/h5><p>Le r\u00e8glement se fait au comptant et en une seule fois, par ch\u00e8que bancaire, esp\u00e8ces, virement ou carte bleue.<br \/>Une facilit\u00e9 de paiement peut \u00e9ventuellement \u00eatre envisag\u00e9e pour le client, mais uniquement pour l\u2019achat de mat\u00e9riel (renseignements en boutique).<br \/>Des p\u00e9nalit\u00e9s de retard au taux l\u00e9gal en vigueur seront appliqu\u00e9es en cas de rejet d\u2019un ou plusieurs ch\u00e8ques lors de l\u2019encaissement.<br \/>Les p\u00e9nalit\u00e9s de retard sont exigibles sans qu\u2019aucun rappel de paiement ne soit n\u00e9cessaire. Elles courent de plein droit d\u00e8s le jour suivant la date de r\u00e8glement port\u00e9e sur la facture. Ou, \u00e0 d\u00e9faut, le trente et uni\u00e8me jour suivant la date d\u2019ex\u00e9cution de la prestation de service.<\/p><h5><strong>Cas particuliers :<\/strong><\/h5><p>Tout sera mis en \u0153uvre pendant la r\u00e9alisation des prestations pour garantir l\u2019int\u00e9grit\u00e9 du mat\u00e9riel, du client et des donn\u00e9es contenues sur le disque dur de l&#8217;ordinateur. N\u00e9anmoins, un accident ind\u00e9pendant de notre volont\u00e9 pouvant arriver, voici les modalit\u00e9s de remboursement :<br \/>\u2013 en cas de casse de mat\u00e9riel appartenant au client (PC fixe ou ordinateur portable par exemple) :<br \/>Le mat\u00e9riel sera soit r\u00e9par\u00e9 gratuitement si possible, soit rembours\u00e9 \u00e0 sa cote marchande en vigueur au moment de la casse, soit remplac\u00e9 par du mat\u00e9riel \u00e9quivalent.<br \/>\u2013 en cas de perte de donn\u00e9es :<br \/>Le client est seul responsable de ses donn\u00e9es personnelles et\/ou professionnelles et de leur sauvegarde r\u00e9guli\u00e8re (sauf en cas de contrat de sauvegarde).<\/p><p>Si une perte de donn\u00e9es survient lors d\u2019une prestation et\/ou d\u2019une manipulation, qu\u2019elle soit d\u2019origine logicielle ou mat\u00e9rielle, le client particulier ou professionnel\u00a0ne peut pr\u00e9tendre \u00e0 aucune indemnisation, qu\u2019il soit en possession ou non d\u2019une sauvegarde r\u00e9cente ou ancienne de ses donn\u00e9es sur un autre support.<\/p><h5><strong>D\u00e9lais de r\u00e9tractation :<\/strong><\/h5><p>le d\u00e9lai de r\u00e9tractation ne concerne pas les achats conclus en magasin<\/p><h5><strong>Litiges :<\/strong><\/h5><p>En cas de litiges, la juridiction comp\u00e9tente sera le tribunal de Chamb\u00e9ry en Savoie.<\/p><h3 class=\"wp-block-heading\">Paiement en plusieurs fois avec Alma<\/h3><p>Le paiement en plusieurs fois\/diff\u00e9r\u00e9 est disponible via notre partenaire Alma. La s\u00e9curisation des paiements est assur\u00e9e par Alma et ses prestataires. Tous les paiements sont prot\u00e9g\u00e9s par le 3D Secure.<strong>Montant des achats<\/strong><\/p><ul class=\"wp-block-list\"><li>P2X : Seuls les achats entre 50\u00a0\u20ac et 2\u00a0000\u00a0\u20ac sont \u00e9ligibles au paiement avec Alma.<\/li><li>P3X : Seuls les achats entre 50\u00a0\u20ac et 2\u00a0000\u00a0\u20ac sont \u00e9ligibles au paiement avec Alma.<\/li><li>P4X : Seuls les achats entre 50\u00a0\u20ac et 2\u00a0000\u00a0\u20ac sont \u00e9ligibles au paiement avec Alma.<\/li><\/ul><h5><strong>Frais<\/strong><\/h5><p>En payant en plusieurs fois avec Alma le Client ne paye pas de frais. Sauf pour les cas suivants :<\/p><ul class=\"wp-block-list\"><li>P2X : 0.65% par transaction<\/li><li>P3X : 1.29% par transaction<\/li><li>P4X : 1.93% par transaction<\/li><\/ul><p>Alma est gestionnaire de t\u00e9l\u00e9-paiement et d\u00e9livre un certificat \u00e9lectronique qui vaudra preuve du montant et de la date de la transaction conform\u00e9ment aux dispositions des articles 1316 et suivants du code civil.<strong>R\u00e9siliation<\/strong><\/p><p>Toute r\u00e9siliation des Conditions G\u00e9n\u00e9rales de Ventes qui lient le Vendeur et le client, entraine la r\u00e9siliation des Conditions G\u00e9n\u00e9rales d&#8217;Utilisation entre Alma et le client.<\/p><\/div><\/div><\/section><\/div><\/div><\/div><\/div><\/div>\t\t\t\t\t\t\t\t<\/div>\n\t\t\t\t<\/div>\n\t\t\t\t\t<\/div>\n\t\t\t\t<\/div>\n\t\t\t\t<\/div>\n\t\t","protected":false},"excerpt":{"rendered":"<p>Conditions g\u00e9n\u00e9rales de ventes Premi\u00e8rement, les pr\u00e9sentes Conditions G\u00e9n\u00e9rales de Ventes s\u2019appliquent aussi bien aux particuliers qu\u2019aux professionnels. Elles sont valables pour toutes les prestations de la soci\u00e9t\u00e9 SAS PIXEL AS num\u00e9ro Siret: 751 459 694, si\u00e8ge social situ\u00e9 \u00e0 Montm\u00e9lian en Savoie. Contenu de l\u2019offre de services : La soci\u00e9t\u00e9 propose des services de [&hellip;]<\/p>\n","protected":false},"author":2,"featured_media":0,"parent":0,"menu_order":0,"comment_status":"closed","ping_status":"closed","template":"","meta":{"footnotes":""},"class_list":["post-69","page","type-page","status-publish","hentry"],"yoast_head":"<!-- This site is optimized with the Yoast SEO plugin v27.3 - https:\/\/yoast.com\/product\/yoast-seo-wordpress\/ -->\n<title>Conditions g\u00e9n\u00e9rales de ventes - Pixel AS informatique<\/title>\n<meta name=\"description\" content=\"D\u00e9couvrez toutes nos conditions g\u00e9n\u00e9rales de ventes.\" \/>\n<meta name=\"robots\" content=\"index, follow, max-snippet:-1, max-image-preview:large, max-video-preview:-1\" \/>\n<link rel=\"canonical\" href=\"https:\/\/www.pixel-as.fr\/?page_id=69\" \/>\n<meta property=\"og:locale\" content=\"fr_FR\" \/>\n<meta property=\"og:type\" content=\"article\" \/>\n<meta property=\"og:title\" content=\"Conditions g\u00e9n\u00e9rales de ventes - Pixel AS informatique\" \/>\n<meta property=\"og:description\" content=\"D\u00e9couvrez toutes nos conditions g\u00e9n\u00e9rales de ventes.\" \/>\n<meta property=\"og:url\" content=\"https:\/\/www.pixel-as.fr\/?page_id=69\" \/>\n<meta property=\"og:site_name\" content=\"Pixel AS informatique\" \/>\n<meta property=\"article:modified_time\" content=\"2025-02-19T15:29:20+00:00\" \/>\n<meta property=\"og:image\" content=\"https:\/\/www.pixel-as.fr\/wp-content\/uploads\/2025\/02\/logo-rond.jpg\" \/>\n<meta name=\"twitter:card\" content=\"summary_large_image\" \/>\n<meta name=\"twitter:label1\" content=\"Dur\u00e9e de lecture estim\u00e9e\" \/>\n\t<meta name=\"twitter:data1\" content=\"4 minutes\" \/>\n<script type=\"application\/ld+json\" class=\"yoast-schema-graph\">{\"@context\":\"https:\\\/\\\/schema.org\",\"@graph\":[{\"@type\":\"WebPage\",\"@id\":\"https:\\\/\\\/www.pixel-as.fr\\\/?page_id=69\",\"url\":\"https:\\\/\\\/www.pixel-as.fr\\\/?page_id=69\",\"name\":\"Conditions g\u00e9n\u00e9rales de ventes - Pixel AS informatique\",\"isPartOf\":{\"@id\":\"https:\\\/\\\/www.pixel-as.fr\\\/#website\"},\"primaryImageOfPage\":{\"@id\":\"https:\\\/\\\/www.pixel-as.fr\\\/?page_id=69#primaryimage\"},\"image\":{\"@id\":\"https:\\\/\\\/www.pixel-as.fr\\\/?page_id=69#primaryimage\"},\"thumbnailUrl\":\"https:\\\/\\\/www.pixel-as.fr\\\/wp-content\\\/uploads\\\/2025\\\/02\\\/logo-rond.jpg\",\"datePublished\":\"2025-02-03T10:05:35+00:00\",\"dateModified\":\"2025-02-19T15:29:20+00:00\",\"description\":\"D\u00e9couvrez toutes nos conditions g\u00e9n\u00e9rales de ventes.\",\"breadcrumb\":{\"@id\":\"https:\\\/\\\/www.pixel-as.fr\\\/?page_id=69#breadcrumb\"},\"inLanguage\":\"fr-FR\",\"potentialAction\":[{\"@type\":\"ReadAction\",\"target\":[\"https:\\\/\\\/www.pixel-as.fr\\\/?page_id=69\"]}]},{\"@type\":\"ImageObject\",\"inLanguage\":\"fr-FR\",\"@id\":\"https:\\\/\\\/www.pixel-as.fr\\\/?page_id=69#primaryimage\",\"url\":\"https:\\\/\\\/www.pixel-as.fr\\\/wp-content\\\/uploads\\\/2025\\\/02\\\/logo-rond.jpg\",\"contentUrl\":\"https:\\\/\\\/www.pixel-as.fr\\\/wp-content\\\/uploads\\\/2025\\\/02\\\/logo-rond.jpg\",\"width\":740,\"height\":710,\"caption\":\"Conditions g\u00e9n\u00e9rales de ventes Politique de confidentialit\u00e9\"},{\"@type\":\"BreadcrumbList\",\"@id\":\"https:\\\/\\\/www.pixel-as.fr\\\/?page_id=69#breadcrumb\",\"itemListElement\":[{\"@type\":\"ListItem\",\"position\":1,\"name\":\"Accueil\",\"item\":\"https:\\\/\\\/www.pixel-as.fr\\\/\"},{\"@type\":\"ListItem\",\"position\":2,\"name\":\"Conditions g\u00e9n\u00e9rales de ventes\"}]},{\"@type\":\"WebSite\",\"@id\":\"https:\\\/\\\/www.pixel-as.fr\\\/#website\",\"url\":\"https:\\\/\\\/www.pixel-as.fr\\\/\",\"name\":\"Pixel AS informatique\",\"description\":\"Accompagnement informatique personnalis\u00e9\",\"publisher\":{\"@id\":\"https:\\\/\\\/www.pixel-as.fr\\\/#organization\"},\"potentialAction\":[{\"@type\":\"SearchAction\",\"target\":{\"@type\":\"EntryPoint\",\"urlTemplate\":\"https:\\\/\\\/www.pixel-as.fr\\\/?s={search_term_string}\"},\"query-input\":{\"@type\":\"PropertyValueSpecification\",\"valueRequired\":true,\"valueName\":\"search_term_string\"}}],\"inLanguage\":\"fr-FR\"},{\"@type\":\"Organization\",\"@id\":\"https:\\\/\\\/www.pixel-as.fr\\\/#organization\",\"name\":\"Pixel AS informatique\",\"url\":\"https:\\\/\\\/www.pixel-as.fr\\\/\",\"logo\":{\"@type\":\"ImageObject\",\"inLanguage\":\"fr-FR\",\"@id\":\"https:\\\/\\\/www.pixel-as.fr\\\/#\\\/schema\\\/logo\\\/image\\\/\",\"url\":\"https:\\\/\\\/www.pixel-as.fr\\\/wp-content\\\/uploads\\\/2025\\\/02\\\/logo.png\",\"contentUrl\":\"https:\\\/\\\/www.pixel-as.fr\\\/wp-content\\\/uploads\\\/2025\\\/02\\\/logo.png\",\"width\":587,\"height\":231,\"caption\":\"Pixel AS informatique\"},\"image\":{\"@id\":\"https:\\\/\\\/www.pixel-as.fr\\\/#\\\/schema\\\/logo\\\/image\\\/\"}}]}<\/script>\n<!-- \/ Yoast SEO plugin. -->","yoast_head_json":{"title":"Conditions g\u00e9n\u00e9rales de ventes - Pixel AS informatique","description":"D\u00e9couvrez toutes nos conditions g\u00e9n\u00e9rales de ventes.","robots":{"index":"index","follow":"follow","max-snippet":"max-snippet:-1","max-image-preview":"max-image-preview:large","max-video-preview":"max-video-preview:-1"},"canonical":"https:\/\/www.pixel-as.fr\/?page_id=69","og_locale":"fr_FR","og_type":"article","og_title":"Conditions g\u00e9n\u00e9rales de ventes - Pixel AS informatique","og_description":"D\u00e9couvrez toutes nos conditions g\u00e9n\u00e9rales de ventes.","og_url":"https:\/\/www.pixel-as.fr\/?page_id=69","og_site_name":"Pixel AS informatique","article_modified_time":"2025-02-19T15:29:20+00:00","og_image":[{"url":"https:\/\/www.pixel-as.fr\/wp-content\/uploads\/2025\/02\/logo-rond.jpg","type":"","width":"","height":""}],"twitter_card":"summary_large_image","twitter_misc":{"Dur\u00e9e de lecture estim\u00e9e":"4 minutes"},"schema":{"@context":"https:\/\/schema.org","@graph":[{"@type":"WebPage","@id":"https:\/\/www.pixel-as.fr\/?page_id=69","url":"https:\/\/www.pixel-as.fr\/?page_id=69","name":"Conditions g\u00e9n\u00e9rales de ventes - Pixel AS informatique","isPartOf":{"@id":"https:\/\/www.pixel-as.fr\/#website"},"primaryImageOfPage":{"@id":"https:\/\/www.pixel-as.fr\/?page_id=69#primaryimage"},"image":{"@id":"https:\/\/www.pixel-as.fr\/?page_id=69#primaryimage"},"thumbnailUrl":"https:\/\/www.pixel-as.fr\/wp-content\/uploads\/2025\/02\/logo-rond.jpg","datePublished":"2025-02-03T10:05:35+00:00","dateModified":"2025-02-19T15:29:20+00:00","description":"D\u00e9couvrez toutes nos conditions g\u00e9n\u00e9rales de ventes.","breadcrumb":{"@id":"https:\/\/www.pixel-as.fr\/?page_id=69#breadcrumb"},"inLanguage":"fr-FR","potentialAction":[{"@type":"ReadAction","target":["https:\/\/www.pixel-as.fr\/?page_id=69"]}]},{"@type":"ImageObject","inLanguage":"fr-FR","@id":"https:\/\/www.pixel-as.fr\/?page_id=69#primaryimage","url":"https:\/\/www.pixel-as.fr\/wp-content\/uploads\/2025\/02\/logo-rond.jpg","contentUrl":"https:\/\/www.pixel-as.fr\/wp-content\/uploads\/2025\/02\/logo-rond.jpg","width":740,"height":710,"caption":"Conditions g\u00e9n\u00e9rales de ventes Politique de confidentialit\u00e9"},{"@type":"BreadcrumbList","@id":"https:\/\/www.pixel-as.fr\/?page_id=69#breadcrumb","itemListElement":[{"@type":"ListItem","position":1,"name":"Accueil","item":"https:\/\/www.pixel-as.fr\/"},{"@type":"ListItem","position":2,"name":"Conditions g\u00e9n\u00e9rales de ventes"}]},{"@type":"WebSite","@id":"https:\/\/www.pixel-as.fr\/#website","url":"https:\/\/www.pixel-as.fr\/","name":"Pixel AS informatique","description":"Accompagnement informatique personnalis\u00e9","publisher":{"@id":"https:\/\/www.pixel-as.fr\/#organization"},"potentialAction":[{"@type":"SearchAction","target":{"@type":"EntryPoint","urlTemplate":"https:\/\/www.pixel-as.fr\/?s={search_term_string}"},"query-input":{"@type":"PropertyValueSpecification","valueRequired":true,"valueName":"search_term_string"}}],"inLanguage":"fr-FR"},{"@type":"Organization","@id":"https:\/\/www.pixel-as.fr\/#organization","name":"Pixel AS informatique","url":"https:\/\/www.pixel-as.fr\/","logo":{"@type":"ImageObject","inLanguage":"fr-FR","@id":"https:\/\/www.pixel-as.fr\/#\/schema\/logo\/image\/","url":"https:\/\/www.pixel-as.fr\/wp-content\/uploads\/2025\/02\/logo.png","contentUrl":"https:\/\/www.pixel-as.fr\/wp-content\/uploads\/2025\/02\/logo.png","width":587,"height":231,"caption":"Pixel AS informatique"},"image":{"@id":"https:\/\/www.pixel-as.fr\/#\/schema\/logo\/image\/"}}]}},"_links":{"self":[{"href":"https:\/\/www.pixel-as.fr\/index.php?rest_route=\/wp\/v2\/pages\/69","targetHints":{"allow":["GET"]}}],"collection":[{"href":"https:\/\/www.pixel-as.fr\/index.php?rest_route=\/wp\/v2\/pages"}],"about":[{"href":"https:\/\/www.pixel-as.fr\/index.php?rest_route=\/wp\/v2\/types\/page"}],"author":[{"embeddable":true,"href":"https:\/\/www.pixel-as.fr\/index.php?rest_route=\/wp\/v2\/users\/2"}],"replies":[{"embeddable":true,"href":"https:\/\/www.pixel-as.fr\/index.php?rest_route=%2Fwp%2Fv2%2Fcomments&post=69"}],"version-history":[{"count":16,"href":"https:\/\/www.pixel-as.fr\/index.php?rest_route=\/wp\/v2\/pages\/69\/revisions"}],"predecessor-version":[{"id":1657,"href":"https:\/\/www.pixel-as.fr\/index.php?rest_route=\/wp\/v2\/pages\/69\/revisions\/1657"}],"wp:attachment":[{"href":"https:\/\/www.pixel-as.fr\/index.php?rest_route=%2Fwp%2Fv2%2Fmedia&parent=69"}],"curies":[{"name":"wp","href":"https:\/\/api.w.org\/{rel}","templated":true}]}}