{"id":76,"date":"2025-02-03T11:10:03","date_gmt":"2025-02-03T10:10:03","guid":{"rendered":"https:\/\/www.lexd7920.odns.fr\/test-elementor\/?page_id=76"},"modified":"2025-03-25T11:44:59","modified_gmt":"2025-03-25T10:44:59","slug":"entreprise","status":"publish","type":"page","link":"https:\/\/www.pixel-as.fr\/?page_id=76","title":{"rendered":"De l&#8217;entreprise"},"content":{"rendered":"\t\t<div data-elementor-type=\"wp-page\" data-elementor-id=\"76\" class=\"elementor elementor-76\" data-elementor-post-type=\"page\">\n\t\t\t\t<div class=\"elementor-element elementor-element-5bcb451 e-flex e-con-boxed e-con e-parent\" data-id=\"5bcb451\" data-element_type=\"container\" data-e-type=\"container\" data-settings=\"{&quot;background_background&quot;:&quot;classic&quot;}\">\n\t\t\t\t\t<div class=\"e-con-inner\">\n\t\t<div class=\"elementor-element elementor-element-28d0cee e-grid e-con-full e-con e-child\" data-id=\"28d0cee\" data-element_type=\"container\" data-e-type=\"container\">\n\t\t\t\t<div class=\"elementor-element elementor-element-6fdf5ac5 elementor-widget__width-initial elementor-widget-mobile__width-inherit animated-fast elementor-invisible elementor-widget elementor-widget-heading\" data-id=\"6fdf5ac5\" data-element_type=\"widget\" data-e-type=\"widget\" data-settings=\"{&quot;_animation&quot;:&quot;fadeIn&quot;,&quot;_animation_delay&quot;:750}\" data-widget_type=\"heading.default\">\n\t\t\t\t<div class=\"elementor-widget-container\">\n\t\t\t\t\t<h1 class=\"elementor-heading-title elementor-size-default\">Pixel AS Informatique <\/h1>\t\t\t\t<\/div>\n\t\t\t\t<\/div>\n\t\t\t\t<div class=\"elementor-element elementor-element-c472833 elementor-widget elementor-widget-image\" data-id=\"c472833\" data-element_type=\"widget\" data-e-type=\"widget\" data-widget_type=\"image.default\">\n\t\t\t\t<div class=\"elementor-widget-container\">\n\t\t\t\t\t\t\t\t\t\t\t\t\t\t\t<img decoding=\"async\" width=\"128\" height=\"128\" src=\"https:\/\/www.pixel-as.fr\/wp-content\/uploads\/2025\/02\/icone-pixel.png\" class=\"attachment-large size-large wp-image-212\" alt=\"Pixel AS Informatique\" srcset=\"https:\/\/www.pixel-as.fr\/wp-content\/uploads\/2025\/02\/icone-pixel.png 128w, https:\/\/www.pixel-as.fr\/wp-content\/uploads\/2025\/02\/icone-pixel-100x100.png 100w\" sizes=\"(max-width: 128px) 100vw, 128px\" \/>\t\t\t\t\t\t\t\t\t\t\t\t\t\t\t<\/div>\n\t\t\t\t<\/div>\n\t\t\t\t<\/div>\n\t\t<div class=\"elementor-element elementor-element-39f5b88b e-grid e-con-boxed e-con e-child\" data-id=\"39f5b88b\" data-element_type=\"container\" data-e-type=\"container\">\n\t\t\t\t\t<div class=\"e-con-inner\">\n\t\t<div class=\"elementor-element elementor-element-74bb9787 e-con-full animated-fast e-flex elementor-invisible e-con e-child\" data-id=\"74bb9787\" data-element_type=\"container\" data-e-type=\"container\" data-settings=\"{&quot;animation&quot;:&quot;fadeIn&quot;,&quot;animation_delay&quot;:1000}\">\n\t\t\t\t<div class=\"elementor-element elementor-element-3b28645e elementor-widget elementor-widget-text-editor\" data-id=\"3b28645e\" data-element_type=\"widget\" data-e-type=\"widget\" data-widget_type=\"text-editor.default\">\n\t\t\t\t<div class=\"elementor-widget-container\">\n\t\t\t\t\t\t\t\t\t<p>L\u2019entreprise PIXEL AS a \u00e9t\u00e9 fond\u00e9e par M. CHEDAL-ANGLAY Bruno.<\/p><p>Initialement nomm\u00e9e SOCREM INFORMATIQUE et situ\u00e9e \u00e0 Les Marches (73), elle est sp\u00e9cialis\u00e9e dans la vente et la maintenance de mat\u00e9riel informatique, ainsi que dans le d\u00e9veloppement de logiciels.<\/p>\t\t\t\t\t\t\t\t<\/div>\n\t\t\t\t<\/div>\n\t\t\t\t<\/div>\n\t\t\t\t<div class=\"elementor-element elementor-element-5132efca elementor-widget elementor-widget-heading\" data-id=\"5132efca\" data-element_type=\"widget\" data-e-type=\"widget\" data-widget_type=\"heading.default\">\n\t\t\t\t<div class=\"elementor-widget-container\">\n\t\t\t\t\t<p class=\"elementor-heading-title elementor-size-default\">Depuis 1993 <\/p>\t\t\t\t<\/div>\n\t\t\t\t<\/div>\n\t\t\t\t\t<\/div>\n\t\t\t\t<\/div>\n\t\t\t\t\t<\/div>\n\t\t\t\t<\/div>\n\t\t<div class=\"elementor-element elementor-element-1155f34 e-flex e-con-boxed e-con e-parent\" data-id=\"1155f34\" data-element_type=\"container\" data-e-type=\"container\" data-settings=\"{&quot;background_background&quot;:&quot;classic&quot;}\">\n\t\t\t\t\t<div class=\"e-con-inner\">\n\t\t\t\t<div class=\"elementor-element elementor-element-9124caf elementor-widget elementor-widget-text-editor\" data-id=\"9124caf\" data-element_type=\"widget\" data-e-type=\"widget\" data-widget_type=\"text-editor.default\">\n\t\t\t\t<div class=\"elementor-widget-container\">\n\t\t\t\t\t\t\t\t\t<p>L\u2019entreprise s\u2019\u00e9tend au fil des ann\u00e9es et implante une succursale \u00e0 Pontcharra (38), sous l\u2019enseigne PIXEL AS. Elle propose une large gamme de produits et de marques pour les professionnels et les particuliers<\/p>\n<p>En 2021, PIXEL AS s\u2019associe \u00e0 PCANDKO INFORMATIQUE, \u00e0 Montm\u00e9lian (73), afin de proposer un maximum d\u2019offres \u00e0 leurs clients.<\/p>\n<p>De plus, Pixel AS Informatique est \u00e9galement reconnue pour son service de r\u00e9paration rapide et efficace, ainsi que pour son accueil chaleureux et professionnel.<\/p>\n<p>Nous nous effor\u00e7ons de r\u00e9pondre \u00e0 vos besoins dans les plus bref d\u00e9lais<\/p>\n<p>La satisfaction de nos clients est notre priorit\u00e9 absolue. Nous nous effor\u00e7ons de d\u00e9passer leurs attentes \u00e0 chaque intervention<\/p>\t\t\t\t\t\t\t\t<\/div>\n\t\t\t\t<\/div>\n\t\t\t\t\t<\/div>\n\t\t\t\t<\/div>\n\t\t\t\t<\/div>\n\t\t","protected":false},"excerpt":{"rendered":"<p>Pixel AS Informatique L\u2019entreprise PIXEL AS a \u00e9t\u00e9 fond\u00e9e par M. CHEDAL-ANGLAY Bruno. Initialement nomm\u00e9e SOCREM INFORMATIQUE et situ\u00e9e \u00e0 Les Marches (73), elle est sp\u00e9cialis\u00e9e dans la vente et la maintenance de mat\u00e9riel informatique, ainsi que dans le d\u00e9veloppement de logiciels. Depuis 1993 L\u2019entreprise s\u2019\u00e9tend au fil des ann\u00e9es et implante une succursale \u00e0 [&hellip;]<\/p>\n","protected":false},"author":2,"featured_media":1234,"parent":0,"menu_order":0,"comment_status":"closed","ping_status":"closed","template":"","meta":{"footnotes":""},"class_list":["post-76","page","type-page","status-publish","has-post-thumbnail","hentry"],"yoast_head":"<!-- This site is optimized with the Yoast SEO plugin v27.3 - https:\/\/yoast.com\/product\/yoast-seo-wordpress\/ -->\n<title>De l&#039;entreprise - Pixel AS informatique<\/title>\n<meta name=\"description\" content=\"Pixel AS informatique, entreprise informatique cr\u00e9er en 1993. Localis\u00e9 \u00e0 10 Avenue de Savoie, Montm\u00e9lian 73800.\" \/>\n<meta name=\"robots\" content=\"index, follow, max-snippet:-1, max-image-preview:large, max-video-preview:-1\" \/>\n<link rel=\"canonical\" href=\"https:\/\/www.pixel-as.fr\/?page_id=76\" \/>\n<meta property=\"og:locale\" content=\"fr_FR\" \/>\n<meta property=\"og:type\" content=\"article\" \/>\n<meta property=\"og:title\" content=\"De l&#039;entreprise - Pixel AS informatique\" \/>\n<meta property=\"og:description\" content=\"Pixel AS informatique, entreprise informatique cr\u00e9er en 1993. Localis\u00e9 \u00e0 10 Avenue de Savoie, Montm\u00e9lian 73800.\" \/>\n<meta property=\"og:url\" content=\"https:\/\/www.pixel-as.fr\/?page_id=76\" \/>\n<meta property=\"og:site_name\" content=\"Pixel AS informatique\" \/>\n<meta property=\"article:modified_time\" content=\"2025-03-25T10:44:59+00:00\" \/>\n<meta property=\"og:image\" content=\"https:\/\/www.pixel-as.fr\/wp-content\/uploads\/2025\/02\/magasin-face.jpeg\" \/>\n\t<meta property=\"og:image:width\" content=\"1512\" \/>\n\t<meta property=\"og:image:height\" content=\"754\" \/>\n\t<meta property=\"og:image:type\" content=\"image\/jpeg\" \/>\n<meta name=\"twitter:card\" content=\"summary_large_image\" \/>\n<meta name=\"twitter:label1\" content=\"Dur\u00e9e de lecture estim\u00e9e\" \/>\n\t<meta name=\"twitter:data1\" content=\"1 minute\" \/>\n<script type=\"application\/ld+json\" class=\"yoast-schema-graph\">{\"@context\":\"https:\\\/\\\/schema.org\",\"@graph\":[{\"@type\":\"WebPage\",\"@id\":\"https:\\\/\\\/www.pixel-as.fr\\\/?page_id=76\",\"url\":\"https:\\\/\\\/www.pixel-as.fr\\\/?page_id=76\",\"name\":\"De l'entreprise - Pixel AS informatique\",\"isPartOf\":{\"@id\":\"https:\\\/\\\/www.pixel-as.fr\\\/#website\"},\"primaryImageOfPage\":{\"@id\":\"https:\\\/\\\/www.pixel-as.fr\\\/?page_id=76#primaryimage\"},\"image\":{\"@id\":\"https:\\\/\\\/www.pixel-as.fr\\\/?page_id=76#primaryimage\"},\"thumbnailUrl\":\"https:\\\/\\\/www.pixel-as.fr\\\/wp-content\\\/uploads\\\/2025\\\/02\\\/magasin-face.jpeg\",\"datePublished\":\"2025-02-03T10:10:03+00:00\",\"dateModified\":\"2025-03-25T10:44:59+00:00\",\"description\":\"Pixel AS informatique, entreprise informatique cr\u00e9er en 1993. Localis\u00e9 \u00e0 10 Avenue de Savoie, Montm\u00e9lian 73800.\",\"breadcrumb\":{\"@id\":\"https:\\\/\\\/www.pixel-as.fr\\\/?page_id=76#breadcrumb\"},\"inLanguage\":\"fr-FR\",\"potentialAction\":[{\"@type\":\"ReadAction\",\"target\":[\"https:\\\/\\\/www.pixel-as.fr\\\/?page_id=76\"]}]},{\"@type\":\"ImageObject\",\"inLanguage\":\"fr-FR\",\"@id\":\"https:\\\/\\\/www.pixel-as.fr\\\/?page_id=76#primaryimage\",\"url\":\"https:\\\/\\\/www.pixel-as.fr\\\/wp-content\\\/uploads\\\/2025\\\/02\\\/magasin-face.jpeg\",\"contentUrl\":\"https:\\\/\\\/www.pixel-as.fr\\\/wp-content\\\/uploads\\\/2025\\\/02\\\/magasin-face.jpeg\",\"width\":1512,\"height\":754,\"caption\":\"Entreprise Pixel AS\"},{\"@type\":\"BreadcrumbList\",\"@id\":\"https:\\\/\\\/www.pixel-as.fr\\\/?page_id=76#breadcrumb\",\"itemListElement\":[{\"@type\":\"ListItem\",\"position\":1,\"name\":\"Accueil\",\"item\":\"https:\\\/\\\/www.pixel-as.fr\\\/\"},{\"@type\":\"ListItem\",\"position\":2,\"name\":\"De l&#8217;entreprise\"}]},{\"@type\":\"WebSite\",\"@id\":\"https:\\\/\\\/www.pixel-as.fr\\\/#website\",\"url\":\"https:\\\/\\\/www.pixel-as.fr\\\/\",\"name\":\"Pixel AS informatique\",\"description\":\"Accompagnement informatique personnalis\u00e9\",\"publisher\":{\"@id\":\"https:\\\/\\\/www.pixel-as.fr\\\/#organization\"},\"potentialAction\":[{\"@type\":\"SearchAction\",\"target\":{\"@type\":\"EntryPoint\",\"urlTemplate\":\"https:\\\/\\\/www.pixel-as.fr\\\/?s={search_term_string}\"},\"query-input\":{\"@type\":\"PropertyValueSpecification\",\"valueRequired\":true,\"valueName\":\"search_term_string\"}}],\"inLanguage\":\"fr-FR\"},{\"@type\":\"Organization\",\"@id\":\"https:\\\/\\\/www.pixel-as.fr\\\/#organization\",\"name\":\"Pixel AS informatique\",\"url\":\"https:\\\/\\\/www.pixel-as.fr\\\/\",\"logo\":{\"@type\":\"ImageObject\",\"inLanguage\":\"fr-FR\",\"@id\":\"https:\\\/\\\/www.pixel-as.fr\\\/#\\\/schema\\\/logo\\\/image\\\/\",\"url\":\"https:\\\/\\\/www.pixel-as.fr\\\/wp-content\\\/uploads\\\/2025\\\/02\\\/logo.png\",\"contentUrl\":\"https:\\\/\\\/www.pixel-as.fr\\\/wp-content\\\/uploads\\\/2025\\\/02\\\/logo.png\",\"width\":587,\"height\":231,\"caption\":\"Pixel AS informatique\"},\"image\":{\"@id\":\"https:\\\/\\\/www.pixel-as.fr\\\/#\\\/schema\\\/logo\\\/image\\\/\"}}]}<\/script>\n<!-- \/ Yoast SEO plugin. -->","yoast_head_json":{"title":"De l'entreprise - Pixel AS informatique","description":"Pixel AS informatique, entreprise informatique cr\u00e9er en 1993. Localis\u00e9 \u00e0 10 Avenue de Savoie, Montm\u00e9lian 73800.","robots":{"index":"index","follow":"follow","max-snippet":"max-snippet:-1","max-image-preview":"max-image-preview:large","max-video-preview":"max-video-preview:-1"},"canonical":"https:\/\/www.pixel-as.fr\/?page_id=76","og_locale":"fr_FR","og_type":"article","og_title":"De l'entreprise - Pixel AS informatique","og_description":"Pixel AS informatique, entreprise informatique cr\u00e9er en 1993. Localis\u00e9 \u00e0 10 Avenue de Savoie, Montm\u00e9lian 73800.","og_url":"https:\/\/www.pixel-as.fr\/?page_id=76","og_site_name":"Pixel AS informatique","article_modified_time":"2025-03-25T10:44:59+00:00","og_image":[{"width":1512,"height":754,"url":"https:\/\/www.pixel-as.fr\/wp-content\/uploads\/2025\/02\/magasin-face.jpeg","type":"image\/jpeg"}],"twitter_card":"summary_large_image","twitter_misc":{"Dur\u00e9e de lecture estim\u00e9e":"1 minute"},"schema":{"@context":"https:\/\/schema.org","@graph":[{"@type":"WebPage","@id":"https:\/\/www.pixel-as.fr\/?page_id=76","url":"https:\/\/www.pixel-as.fr\/?page_id=76","name":"De l'entreprise - Pixel AS informatique","isPartOf":{"@id":"https:\/\/www.pixel-as.fr\/#website"},"primaryImageOfPage":{"@id":"https:\/\/www.pixel-as.fr\/?page_id=76#primaryimage"},"image":{"@id":"https:\/\/www.pixel-as.fr\/?page_id=76#primaryimage"},"thumbnailUrl":"https:\/\/www.pixel-as.fr\/wp-content\/uploads\/2025\/02\/magasin-face.jpeg","datePublished":"2025-02-03T10:10:03+00:00","dateModified":"2025-03-25T10:44:59+00:00","description":"Pixel AS informatique, entreprise informatique cr\u00e9er en 1993. Localis\u00e9 \u00e0 10 Avenue de Savoie, Montm\u00e9lian 73800.","breadcrumb":{"@id":"https:\/\/www.pixel-as.fr\/?page_id=76#breadcrumb"},"inLanguage":"fr-FR","potentialAction":[{"@type":"ReadAction","target":["https:\/\/www.pixel-as.fr\/?page_id=76"]}]},{"@type":"ImageObject","inLanguage":"fr-FR","@id":"https:\/\/www.pixel-as.fr\/?page_id=76#primaryimage","url":"https:\/\/www.pixel-as.fr\/wp-content\/uploads\/2025\/02\/magasin-face.jpeg","contentUrl":"https:\/\/www.pixel-as.fr\/wp-content\/uploads\/2025\/02\/magasin-face.jpeg","width":1512,"height":754,"caption":"Entreprise Pixel AS"},{"@type":"BreadcrumbList","@id":"https:\/\/www.pixel-as.fr\/?page_id=76#breadcrumb","itemListElement":[{"@type":"ListItem","position":1,"name":"Accueil","item":"https:\/\/www.pixel-as.fr\/"},{"@type":"ListItem","position":2,"name":"De l&#8217;entreprise"}]},{"@type":"WebSite","@id":"https:\/\/www.pixel-as.fr\/#website","url":"https:\/\/www.pixel-as.fr\/","name":"Pixel AS informatique","description":"Accompagnement informatique personnalis\u00e9","publisher":{"@id":"https:\/\/www.pixel-as.fr\/#organization"},"potentialAction":[{"@type":"SearchAction","target":{"@type":"EntryPoint","urlTemplate":"https:\/\/www.pixel-as.fr\/?s={search_term_string}"},"query-input":{"@type":"PropertyValueSpecification","valueRequired":true,"valueName":"search_term_string"}}],"inLanguage":"fr-FR"},{"@type":"Organization","@id":"https:\/\/www.pixel-as.fr\/#organization","name":"Pixel AS informatique","url":"https:\/\/www.pixel-as.fr\/","logo":{"@type":"ImageObject","inLanguage":"fr-FR","@id":"https:\/\/www.pixel-as.fr\/#\/schema\/logo\/image\/","url":"https:\/\/www.pixel-as.fr\/wp-content\/uploads\/2025\/02\/logo.png","contentUrl":"https:\/\/www.pixel-as.fr\/wp-content\/uploads\/2025\/02\/logo.png","width":587,"height":231,"caption":"Pixel AS informatique"},"image":{"@id":"https:\/\/www.pixel-as.fr\/#\/schema\/logo\/image\/"}}]}},"_links":{"self":[{"href":"https:\/\/www.pixel-as.fr\/index.php?rest_route=\/wp\/v2\/pages\/76","targetHints":{"allow":["GET"]}}],"collection":[{"href":"https:\/\/www.pixel-as.fr\/index.php?rest_route=\/wp\/v2\/pages"}],"about":[{"href":"https:\/\/www.pixel-as.fr\/index.php?rest_route=\/wp\/v2\/types\/page"}],"author":[{"embeddable":true,"href":"https:\/\/www.pixel-as.fr\/index.php?rest_route=\/wp\/v2\/users\/2"}],"replies":[{"embeddable":true,"href":"https:\/\/www.pixel-as.fr\/index.php?rest_route=%2Fwp%2Fv2%2Fcomments&post=76"}],"version-history":[{"count":42,"href":"https:\/\/www.pixel-as.fr\/index.php?rest_route=\/wp\/v2\/pages\/76\/revisions"}],"predecessor-version":[{"id":5080,"href":"https:\/\/www.pixel-as.fr\/index.php?rest_route=\/wp\/v2\/pages\/76\/revisions\/5080"}],"wp:featuredmedia":[{"embeddable":true,"href":"https:\/\/www.pixel-as.fr\/index.php?rest_route=\/wp\/v2\/media\/1234"}],"wp:attachment":[{"href":"https:\/\/www.pixel-as.fr\/index.php?rest_route=%2Fwp%2Fv2%2Fmedia&parent=76"}],"curies":[{"name":"wp","href":"https:\/\/api.w.org\/{rel}","templated":true}]}}